10).
613
Let n(r) = 2*r**2 - 10298*r + 61713. What is n(6)?
-3
Let n(q) = 11073*q + 77442. What is n(-7)?
-69
Let q(j) = j**2 + 40540*j + 1943559. Calculate q(-48).
-57
Let q(m) = -m**3 + 45*m**2 + 485*m + 11338. Determine q(57).
-5
Let i(b) = 7*b**2 + 1446*b + 68461. What is i(-133)?
-34
Let l(g) = -2275*g**2 - 45501*g - 55. Determine l(-20).
-35
Let g(n) = -10123*n + 434993. What is g(43)?
-296
Let l(x) = -14*x**3 - 195*x**2 - 77*x - 1077. What is l(-14)?
197
Let q(o) = 8*o**2 - 5712*o + 164157. Determine q(684).
-3
Let p(r) = 4*r**2 - 307*r + 4547. What is p(28)?
-913
Let n(h) = -4*h**3 + 5*h**2 + 480430*h - 960862. Determine n(2).
-14
Let x(d) = -d**2 - 197*d - 5009. Give x(-134).
3433
Let w(k) = -742*k + 5833. Determine w(8).
-103
Let n(u) = -u**2 + 219*u - 767. Calculate n(0).
-767
Let y(t) = 21*t**2 - 918*t + 42. What is y(44)?
306
Let f(n) = -93*n - 29870. Calculate f(-315).
-575
Let p(i) = 2*i**3 - 20*i**2 + 39*i - 9. Determine p(3).
-18
Let i(j) = 33*j**2 - 376*j + 7. Give i(11).
-136
Let p(x) = 4108*x + 16807. Calculate p(-4).
375
Let w(z) = 285*z**2 + 3345*z - 899. Determine w(-12).
1
Let k(j) = -1217*j + 41616. What is k(35)?
-979
Let b(a) = 2488*a + 762. Determine b(-1).
-1726
Let a(l) = -52*l**2 - 3875*l + 1880. Give a(-75).
5
Let z(l) = l**3 - 54*l**2 + 63*l + 146. Calculate z(54).
3548
Let v(l) = -1074*l - 39418. Determine v(-37).
320
Let p(i) = 29*i**2 - 15205*i + 60834. Give p(4).
478
Let a(x) = -5*x**3 - 13*x**2 + 296*x + 1989. Determine a(-7).
995
Let a(f) = 21*f**2 - 1420*f + 12115. Give a(10).
15
Let j(g) = -2935*g + 10961. Calculate j(3).
2156
Let w(m) = 11*m**3 - 241*m**2 - 71*m + 1002. Determine w(22).
-76
Let t(d) = -23022*d + 138558. Give t(6).
426
Let w(j) = -19*j**2 - 2226*j + 62. Give w(-117).
413
Let j(z) = -475*z + 7330. What is j(16)?
-270
Let h(d) = 2*d**3 + 109*d**2 - 773*d + 1217. Calculate h(-61).
-3
Let s(v) = -15*v**2 - 149*v + 75. Determine s(-6).
429
Let s(n) = 2*n**3 - 315*n**2 + 47*n + 17272. Calculate s(157).
2
Let w(i) = -17*i**3 + 21*i**2 + 84*i - 42. Determine w(-4).
1046
Let c(n) = 18956*n - 170649. Calculate c(9).
-45
Let n(b) = -187*b**2 + 36*b + 4. Calculate n(1).
-147
Let p(m) = 69*m + 1410. Give p(-22).
-108
Let p(x) = 2*x**2 - 965*x - 39550. Give p(-38).
8
Let z(d) = 999*d - 2879. Give z(3).
118
Let v(c) = 24716*c + 24751. What is v(-1)?
35
Let f(s) = 6*s**3 - 11*s**2 + 6*s + 58. What is f(6)?
994
Let l(x) = 9*x**3 + 505*x**2 + 7065*x + 470. Give l(-30).
20
Let q(y) = y**3 - 6*y**2 + 168*y - 788. Calculate q(6).
220
Let c(f) = 11262*f**2 - 112622*f + 27. Determine c(10).
7
Let m(d) = -3*d**2 + 340*d - 8887. Determine m(71).
130
Let m(q) = 20427*q + 10703754. Calculate m(-524).
6
Let f(r) = -r**2 + 25292*r + 177061. What is f(-7)?
-32
Let g(d) = 13*d**2 + 315*d + 1227. What is g(-5)?
-23
Let j(d) = 3*d**3 - 153*d**2 + 808*d + 77. Determine j(45).
-13
Let w(c) = c**3 + 4*c**2 + 13700*c - 110374. Give w(8).
-6
Let a(d) = -14901*d - 1534801. What is a(-103)?
2
Let c(m) = m**3 - 46*m**2 - 52*m + 1358. What is c(44)?
-4802
Let v(y) = -3314*y**2 + 36460*y - 69. Give v(11).
-3
Let v(u) = 8*u**3 - 2*u**2 - 156*u - 26. What is v(0)?
-26
Let d(j) = -j**3 - 71*j**2 + 709*j - 519. Calculate d(8).
97
Let i(d) = 5250*d - 32327. Calculate i(6).
-827
Let j(a) = -32178*a - 353959. What is j(-11)?
-1
Let a(o) = -899*o**2 + 2679*o - 56. Give a(3).
-110
Let h(c) = c**3 - 106*c**2 - 2396*c + 225507. Give h(109).
-14
Let z(r) = 137*r - 1161. Determine z(15).
894
Let s(w) = -w**3 + 14*w**2 - 35*w - 76. Give s(10).
-26
Let z(x) = 49935*x + 749029. Determine z(-15).
4
Let t(u) = 232*u**2 - 25580*u + 6607. Calculate t(110).
7
Let u(y) = 1995*y - 480788. Give u(241).
7
Let j(p) = -162*p + 2551. Calculate j(16).
-41
Let r(z) = 11786*z + 82160. Give r(-7).
-342
Let j(h) = -h**3 + 80*h**2 - 1589*h - 115. Give j(43).
-29
Let p(m) = -6*m**2 - 608*m + 4564. Calculate p(7).
14
Let o(z) = -6*z**2 + 306*z + 7425. Determine o(-18).
-27
Let s(a) = 374*a**2 + 4885*a + 308. Calculate s(-13).
9
Let w(o) = 835*o - 15927. Give w(19).
-62
Let u(a) = -a**2 + 565*a - 56873. What is u(434)?
-19
Let u(i) = -4*i**2 - 4249*i - 66940. What is u(-16)?
20
Let j(w) = w**3 + 28*w**2 + 21*w + 272. Give j(-28).
-316
Let a(y) = -133227*y - 90860808. What is a(-682)?
6
Let d(m) = -m**2 - 31449*m - 220106. Give d(-7).
-12
Let a(h) = h**2 - 194*h + 4712. Determine a(28).
64
Let r(l) = 558*l**2 - 116064*l - 12. Calculate r(208).
-12
Let q(m) = -m**3 - 37*m**2 - 10385*m - 349649. Calculate q(-34).
-27
Let p(m) = -m**3 + 278*m**2 + 5676*m - 9950. Determine p(297).
-149
Let t(l) = 1464*l - 133216. Determine t(91).
8
Let a(i) = -4*i**2 - 510*i - 15772. What is a(-52)?
-68
Let u(f) = 370*f - 1993. Give u(9).
1337
Let a(n) = -n**2 + 560*n + 193042. Determine a(801).
1
Let t(y) = 10*y**2 - 412*y - 1089. What is t(-3)?
237
Let x(s) = 658*s**2 - 4716*s + 269. Calculate x(7).
-501
Let r(g) = -37*g**3 - 255*g**2 - 98*g + 44. Determine r(-6).
-556
Let t(h) = 189*h**2 + 1704*h - 131. Determine t(-9).
-158
Let u(f) = 7*f**3 - 24*f**2 - 44*f + 1. Calculate u(-7).
-3268
Let b(c) = -c**3 - 8*c**2 - 71*c - 1243. What is b(-12)?
185
Let z(u) = 2160*u + 3935. What is z(-2)?
-385
Let a(l) = 991180*l - 3964711. What is a(4)?
9
Let s(d) = 2*d**2 + 402*d + 3176. Give s(-8).
88
Let s(u) = -u**3 + 80*u**2 + 631*u + 24249. Calculate s(90).
39
Let l(u) = 357*u - 26748. Give l(75).
27
Let m(x) = 3*x**3 + 29*x**2 + 108*x + 4. Give m(-6).
-248
Let q(j) = 14*j - 1593. Give q(121).
101
Let p(y) = 51*y**2 + 844*y - 3524. Give p(-20).
-4
Let a(b) = 21134*b + 169075. Give a(-8).
3
Let a(q) = 393*q - 2994. What is a(8)?
150
Let x(l) = -3*l**3 + 44*l**2 + 215*l - 1691. Calculate x(17).
-59
Let i(u) = -1985075*u + 19850741. Determine i(10).
-9
Let x(q) = 40873*q + 490534. Give x(-12).
58
Let d(p) = -864*p**2 - 374113*p - 456. Determine d(-433).
-23
Let c(s) = -768*s + 54070. Determine c(70).
310
Let c(n) = n**3 - 538*n**2 - 1623*n - 25. What is c(541)?
-25
Let i(m) = -476*m + 739. Give i(1).
263
Let x(b) = -b**2 - 12503*b - 162579. What is x(-13)?
-209
Let j(n) = -3*n**3 - 86*n**2 + 375*n + 4922. Give j(-31).
24
Let z(q) = -964*q + 4158. Determine z(4).
302
Let m(c) = 4637*c - 366389. Calculate m(79).
-66
Let y(q) = 2*q**3 - 68*q**2 - 2940*q - 5607. What is y(-2)?
-15
Let o(s) = 158*s**2 - 1855*s - 5537. Calculate o(-3).
1450
Let q(u) = -u**3 + 123*u**2 + 281*u + 485. What is q(125)?
4360
Let d(t) = t**3 + 282*t**2 + 246*t - 9801. Determine d(-281).
34
Let h(q) = 376*q + 22234. What is h(-59)?
50
Let d(r) = -3369*r - 1052. Give d(-1).
2317
Let o(g) = 6719*g + 1316929. Calculate o(-196).
5
Let w(k) = -k**3 + 95*k**2 - 352*k + 15423. Determine w(93).
-15
Let d(l) = 2*l**3 - 123*l**2 + 401*l + 12014. Determine d(56).
-26
Let g(v) = -3105*v - 68312. Calculate g(-22).
-2
Let p(u) = -u**3 - 2776*u**2 - 13849*u - 7. Give p(-5).
-37
Let i(x) = 7922*x + 23222. Calculate i(-3).
-544
Let v(m) = -130590*m + 10708410. What is v(82)?
30
Let g(u) = 273392*u - 1366958. What is g(5)?
2
Let q(u) = 49*u**3 - 2305*u**2 + 44*u + 2334. Calculate q(47).
-16
Let n(u) = 7*u**2 + 1474*u + 23877. Give n(-193).
138
Let x(w) = -73*w + 2930. Give x(58).
-1304
Let s(m) = -5*m**2 + 100*m - 220. Give s(0).
-220
Let w(k) = 6*k**2 - 1333*k - 3989. Determine w(-3).
64
Let k(n) = 15*n**2 + 753*n + 704. Determine k(-47).
-1552
Let o(w) = -714*w - 33615. What is o(-47)?
-57
Let s(i) = 2*i**3 - 3*i**2 - 100*i + 957. Determine s(11).
2156
Let o(c) = -c**2 + 110*c + 2162. Give o(141).
-2209
Let w(x) = -1109*x + 234006. Give w(211).
7
Let b(w) = 5*w**3 - 2664*w**2 - 3204*w + 17. Calculate b(534).
17
Let v(p) = -88831*p + 355316. Calculate v(4).
-8
Let r(j) = 18108*j + 2593. Give r(0).
2593
Let z(q) = 18*q**2 - 484*q - 565. Give z(28).
-5
Let j(h) = -172*h - 14524. What is j(-75)?
-1624
Let t(u) = -5144*u - 15505. Calculate t(-3).
-73
Let g(j) = j**2 - 244*j + 14118. Determine g(141).
-405
Let f(z) = 1124*z**2 - 62981*z + 1979. Determine f(56).
-93
Let f(o) = 509872*o - 3569115. Determine f(7).
-11
Let q(w) = -7*w**2 - 295*w - 815. What is q(-36)?
733
Let r(p) = -2*p**3 - 25*p**2 + 183*p - 60. Give r(-17).
-570
Let l(w) = -w**3 - 500*w**2 - 49732*w - 588. Determine l(-363).
-225
Let x(m) = 517*m - 315404. Determine x(610).
-34
